5?
21
Calculate the remainder when 89130 is divided by 156.
54
Calculate the remainder when 514648 is divided by 87.
43
Calculate the remainder when 4517 is divided by 1519.
1479
What is the remainder when 388797 is divided by 3015?
2877
Calculate the remainder when 171875176 is divided by 156.
148
What is the remainder when 744614 is divided by 115?
104
What is the remainder when 12917391 is divided by 17?
9
Calculate the remainder when 368203 is divided by 40906.
49
What is the remainder when 13204626 is divided by 1126?
24
What is the remainder when 27603 is divided by 2098?
329
What is the remainder when 15888951 is divided by 17403?
12
Calculate the remainder when 806983 is divided by 271.
216
What is the remainder when 78062 is divided by 164?
162
Calculate the remainder when 33675 is divided by 727.
233
What is the remainder when 120856 is divided by 60253?
350
What is the remainder when 37988 is divided by 36055?
1933
Calculate the remainder when 209921 is divided by 1072.
881
Calculate the remainder when 52661005 is divided by 55.
45
Calculate the remainder when 7492259 is divided by 6836.
3
Calculate the remainder when 432503 is divided by 6066.
1817
What is the remainder when 874145 is divided by 67241?
12
Calculate the remainder when 54854380 is divided by 121.
119
Calculate the remainder when 4189607 is divided by 1701.
44
Calculate the remainder when 392882 is divided by 398.
56
Calculate the remainder when 223533 is divided by 2454.
219
What is the remainder when 3508083 is divided by 1011?
924
Calculate the remainder when 2278587 is divided by 1139267.
53
What is the remainder when 20510434 is divided by 5763?
5680
What is the remainder when 6686196 is divided by 1?
0
Calculate the remainder when 31508143 is divided by 2331.
16
What is the remainder when 10519332 is divided by 380?
172
What is the remainder when 36919379 is divided by 858590?
9
Calculate the remainder when 1985625 is divided by 28774.
219
What is the remainder when 305360 is divided by 2229?
2216
What is the remainder when 2249123 is divided by 27426?
191
What is the remainder when 1382152 is divided by 249?
202
Calculate the remainder when 3737470 is divided by 28101.
37
Calculate the remainder when 1387136 is divided by 11368.
240
Calculate the remainder when 8238550 is divided by 1563.
1540
Calculate the remainder when 11606 is divided by 2857.
178
What is the remainder when 583030 is divided by 204?
202
What is the remainder when 12919958 is divided by 4306645?
23
What is the remainder when 475766 is divided by 31658?
896
Calculate the remainder when 1180519 is divided by 4340.
39
Calculate the remainder when 9524279 is divided by 234.
11
What is the remainder when 86653 is divided by 10826?
45
Calculate the remainder when 6051742 is divided by 6687.
7
What is the remainder when 8722851 is divided by 15576?
291
Calculate the remainder when 5017893 is divided by 58.
23
What is the remainder when 27012778 is divided by 29?
3
Calculate the remainder when 36354996 is divided by 2644.
2640
What is the remainder when 11375012 is divided by 5?
2
Calculate the remainder when 1994486 is divided by 94917.
1229
Calculate the remainder when 1560279 is divided by 3514.
63
Calculate the remainder when 337733 is divided by 623.
67
Calculate the remainder when 62969846 is divided by 36.
14
Calculate the remainder when 455590 is divided by 151850.
40
Calculate the remainder when 20397898 is divided by 1854354.
4
Calculate the remainder when 307371 is divided by 34148.
39
What is the remainder when 84375545 is divided by 193?
191
What is the remainder when 387395 is divided by 193694?
7
Calculate the remainder when 63355057 is divided by 31677527.
3
Calculate the remainder when 68028 is divided by 32582.
2864
What is the remainder when 3092539 is divided by 795?
784
What is the remainder when 4257818 is divided by 177407?
50
Calculate the remainder when 918304 is divided by 918283.
21
Calculate the remainder when 139830 is divided by 23299.
36
Calculate the remainder when 115465 is divided by 3822.
805
What is the remainder when 7958263 is divided by 159159?
313
What is the remainder when 11346218 is divided by 1009?
13
What is the remainder when 161901 is divided by 3929?
812
Calculate the remainder when 157854 is divided by 2846.
1324
Calculate the remainder when 1610831 is divided by 3356.
3307
What is the remainder when 12329678 is divided by 761?
717
What is the remainder when 2431237 is divided by 99?
94
What is the remainder when 1330321 is divided by 199?
6
Calculate the remainder when 9805908 is divided by 23743.
49
Calculate the remainder when 78231 is divided by 19516.
167
What is the remainder when 63432531 is divided by 21?
15
What is the remainder when 16935270 is divided by 27672?
6
What is the remainder when 8032468 is divided by 2008109?
32
What is the remainder when 49369 is divided by 1907?
1694
Calculate the remainder when 85630 is divided by 16472.
3270
Calculate the remainder when 74681132 is divided by 102.
98
Calculate the remainder when 2886982 is divided by 360839.
270
What is the remainder when 1608403 is divided by 402100?
3
Calculate the remainder when 234795771 is divided by 34.
33
Calculate the remainder when 458303008 is divided by 10.
8
Calculate the remainder when 157106 is divided by 144.
2
Calculate the remainder when 14659 is divided by 4639.
742
What is the remainder when 7534089 is divided by 912?
57
What is the remainder when 6582287 is divided by 101?
16
Calculate the remainder when 155663 is divided by 482.
459
Calculate the remainder when 641159 is divided by 71224.
143
What is the remainder when 383140 is divided by 108?
64
Calculate the remainder when 153199182 is divided by 12.
6
Calculate the remainder when 2878975 is divided by 65.
60
What is the remainder when 288184 is divided by 1072?
888
Calculate the remainder when 46977883 is divided by 23488939.
5
What is the remainder when 156152 is divided by 1514?
210
Calculate the remainder when 29076578 is divided by 724.
14
What is the remainder when 2210052 is divided by 535?
502
What is the remainder when 17236 is divided by 8001?
1234
Calculate the remainder when 16612046 is divided by 105.
101
Calculate the remainder when 164733036 is divided by 2971.
2970
Calculate the remainder when 105951 is divided by 52469.
1013
Calculate the remainder when 50145517 is divided by 29.
22
Calculate the remainder when 233400 is divided by 58275.
300
Calculate the remainder when 169506 is divided by 483.
456
Calculate the remainder when 13718239 is divided by 163.
159
Calculate the remainder when 445635 is divided by 334.
79
What is the remainder when 10054713 is divided by 493?
471
What is the remainder when 650893 is divided by 85?
48
What is the remainder when 993685 is divided by 173?
146
Calculate the remainder when 57399 is divided by 18805.
984
Calculate the remainder when 667391 is divided by 74072.
743
Calculate the remainder when 10073878 is divided by 359781.
10
Calculate the remainder when 839055 is divided by 279336.
1047
Calculate the remainder when 1770699 is divided by 85.
64
What is the remainder when 9652084 is divided by 1072453?
7
Calculate the remainder when 322483 is divided by 1671.
1651
What is the remainder when 45533385 is divided by 5059259?
54
Calculate the remainder when 780893 is divided by 165.
113
Calculate the remainder when 11812395 is divided by 2173.
2140
Calculate the remainder when 36973026 is divided by 974.
960
Calculate the remainder when 254109720 is divided by 25.
20
What is the remainder when 14293 is divided by 4126?
1915
Calculate the remainder when 1191685 is divided by 2301.
2068
What is the remainder when 43090746 is divided by 64?
58
What is the remainder when 196338 is divided by 5946?
120
Calculate the remainder when 194317 is divided by 5555.
5447
Calculate the remainder when 146827 is divided by 7727.
14
Calculate the remainder when 88541 is divided by 14671.
515
Calculate the remainder when 287799800 is divided by 38.
36
Calculate the remainder when 139536 is divided by 5165.
81
Calculate the remainder when 534012 is divided by 2949.
243
Calculate the remainder when 340407 is divided by 1319.
105
What is the remainder when 617756 is d